{"id":903,"date":"2019-05-08T18:13:43","date_gmt":"2019-05-08T16:13:43","guid":{"rendered":"https:\/\/mensandbeauty.com\/tienda\/?post_type=product&#038;p=903"},"modified":"2019-08-17T04:29:45","modified_gmt":"2019-08-17T02:29:45","slug":"desodorante-natural-hombre-cool-ctrl-jack-black","status":"publish","type":"product","link":"https:\/\/mensandbeauty.com\/tienda\/desodorante-natural-hombre-cool-ctrl-jack-black\/","title":{"rendered":"Desodorante Natural para Hombre \u00abCool CTRL\u00bb\u3010Jack Black\u3011"},"content":{"rendered":"<h2>Desodorante Natural para Hombre \u00abCool CTRL\u00bb de Jack Black<\/h2>\n<p>Gracias a Cool CTRL Natural Deodorant de Jack Black puedes tomar el control total y olvidarte de los malos olores por completo. Se trata de un producto totalmente natural, un desodorante que no contiene ni alcohol, ni aluminio, ni parabenos y est\u00e1 cl\u00ednicamente probado con la \u00faltima tecnolog\u00eda de bloqueo de olores. Adem\u00e1s, est\u00e1 enriquecido con extractos bot\u00e1nicos. Te ayuda a protegerte contra las bacterias que causan mal olor mientras que consigue un aroma fresco y muy agradable. Tampoco contiene colorantes sint\u00e9ticos ni silicona. Es un producto unisex.<\/p>\n<h3>\u00bfC\u00f3mo se usa?<\/h3>\n<p><strong>\u00a0<\/strong>Para su uso, \u00fanicamente tienes que girar la base del desodorante para levantar la barra. Al aplicarlo realiza de 2 o 3 pasadas diarias a cada axila. Es recomendable su uso despu\u00e9s de cada ba\u00f1o o ducha, ya que la piel est\u00e1 totalmente limpia y alcanza una mayor efectividad.<\/p>\n<h3>\u00a0\u00bfQu\u00e9 se siente cuando te lo aplicas?<\/h3>\n<p>Sentir\u00e1s una sensaci\u00f3n de frescor y un aroma \u00fanico que conseguir\u00e1n revolucionar tus sentidos del tacto y olfato. Al aplicarlo notar\u00e1s una piel limpia e hidratada.<\/p>\n<h3>\u00bfPor qu\u00e9 comprarlo?<\/h3>\n<p><strong>\u00a0<\/strong>Este desodorante cuenta con m\u00faltiples beneficios. En primer lugar, cabe destacar sus propiedades antibacterianas y antimic\u00f3ticas naturales gracias al extracto de semillas de pomelo, que proporciona una acci\u00f3n desodorante m\u00e1s intensa y aumenta su eficacia. Por otro lado, gracias al Propanediol, un derivado del ma\u00edz, se consigue un deslizamiento c\u00f3modo y una sensaci\u00f3n de cero irritaci\u00f3n. Por \u00faltimo, la glicerina vegetal, que se encarga de nutrir la piel y dejarla suave e hidratada durante m\u00e1s tiempo.<\/p>\n<h3>Contenido<\/h3>\n<p>78 ml.<\/p>\n","protected":false},"excerpt":{"rendered":"<p>\u00bfEst\u00e1s cansado de<strong> tener la piel de la axila irritada<\/strong>? \u00bfNo consigues dar con un <a href=\"https:\/\/mensandbeauty.com\/tienda\/desodorantes-hombre\" target=\"_blank\" rel=\"noopener noreferrer\">desodorante para hombre<\/a> que <strong>mantenga el olor durante m\u00e1s tiempo<\/strong>? El desodorante <strong>Cool CTRL Deodorant<\/strong> de <a href=\"https:\/\/mensandbeauty.com\/tienda\/jack-black-cosmetics\" target=\"_blank\" rel=\"noopener noreferrer\">Jack Black<\/a> cuenta con una mezcla tecnol\u00f3gicamente avanzada de <strong>ingredientes naturales<\/strong> que elimina el olor durante todo el d\u00eda, manteniendo la piel fresca, hidratada y bajo control. Gracias a su acci\u00f3n antibacteriana y antif\u00fangica, aporta una absoluta sensaci\u00f3n de frescor al mismo tiempo que elimina los malos olores.<\/p>\n<p>\u2705 Seguro para las <strong>pieles sensibles<\/strong>.<\/p>\n<p>\u2705 Libre de <strong>aluminio, parabenos y siliconas<\/strong>.<\/p>\n<p>\u2705 Totalmente <strong>natural<\/strong>.<\/p>\n<p>\u2705 Controla el olor durante <strong>24 horas<\/strong>.<\/p>\n","protected":false},"featured_media":969,"comment_status":"open","ping_status":"closed","template":"","meta":[],"product_brand":[],"product_cat":[408],"product_tag":[780],"class_list":{"0":"post-903","1":"product","2":"type-product","3":"status-publish","4":"has-post-thumbnail","6":"product_cat-desodorantes-hombre","7":"product_tag-jack-black","9":"first","10":"outofstock","11":"featured","12":"taxable","13":"shipping-taxable","14":"purchasable","15":"product-type-simple"},"jetpack_likes_enabled":true,"jetpack_sharing_enabled":true,"_links":{"self":[{"href":"https:\/\/mensandbeauty.com\/tienda\/wp-json\/wp\/v2\/product\/903","targetHints":{"allow":["GET"]}}],"collection":[{"href":"https:\/\/mensandbeauty.com\/tienda\/wp-json\/wp\/v2\/product"}],"about":[{"href":"https:\/\/mensandbeauty.com\/tienda\/wp-json\/wp\/v2\/types\/product"}],"replies":[{"embeddable":true,"href":"https:\/\/mensandbeauty.com\/tienda\/wp-json\/wp\/v2\/comments?post=903"}],"wp:featuredmedia":[{"embeddable":true,"href":"https:\/\/mensandbeauty.com\/tienda\/wp-json\/wp\/v2\/media\/969"}],"wp:attachment":[{"href":"https:\/\/mensandbeauty.com\/tienda\/wp-json\/wp\/v2\/media?parent=903"}],"wp:term":[{"taxonomy":"product_brand","embeddable":true,"href":"https:\/\/mensandbeauty.com\/tienda\/wp-json\/wp\/v2\/product_brand?post=903"},{"taxonomy":"product_cat","embeddable":true,"href":"https:\/\/mensandbeauty.com\/tienda\/wp-json\/wp\/v2\/product_cat?post=903"},{"taxonomy":"product_tag","embeddable":true,"href":"https:\/\/mensandbeauty.com\/tienda\/wp-json\/wp\/v2\/product_tag?post=903"}],"curies":[{"name":"wp","href":"https:\/\/api.w.org\/{rel}","templated":true}]}}