{"id":1640,"date":"2019-06-04T18:33:33","date_gmt":"2019-06-04T16:33:33","guid":{"rendered":"https:\/\/mensandbeauty.com\/tienda\/?post_type=product&#038;p=1640"},"modified":"2019-10-09T17:40:27","modified_gmt":"2019-10-09T15:40:27","slug":"lubricante-natural-4-play-homo-naturals","status":"publish","type":"product","link":"https:\/\/mensandbeauty.com\/tienda\/lubricante-natural-4-play-homo-naturals\/","title":{"rendered":"Lubricante Natural \u00ab4-Play\u00bb para Hombres y Mujeres\u3010Homo Naturals\u3011"},"content":{"rendered":"<h2>Lubricante Natural \u00ab4-Play\u00bb para Hombres y Mujeres de Homo Naturals<\/h2>\n<p>Conoce ya el mejor lubricante Bio con F\u00f3rmula Extra Deslizante con Aloe Vera. Gracias a su composici\u00f3n, no afecta al l\u00e1tex de los preservativos y guarda una textura muy suave con la piel. Un producto 100% natural con ingredientes de alta calidad que mejoran tanto la salud de tus partes \u00edntimas como tus relaciones sexuales.<\/p>\n<h3>\u00bfC\u00f3mo se usa?<\/h3>\n<p>Lubricante 4-play Monodosis: Abrir el sobre que contenga la monodosis. Cuando est\u00e9 abierto aplica el lubricante que se encuentra en el interior sobre tus dedos para aplicarlo donde gustes, o aplicalo en la zona \u00edntima directamente desde el sobre.<\/p>\n<p>Lubricante 4-play: Funciona como un lubricante tradicional. Extrae la cantidad de producto que desees del bote y apl\u00edcalo donde tu quieras.<\/p>\n<h3>\u00bfPor qu\u00e9 comprarlo?<\/h3>\n<p><span class=\"pe-text-lh-14\">El Aloe Vera es un gran hidratante que act\u00faa como reparador para cualquier tipo de fricci\u00f3n, tanto vaginal, como anal. Tambi\u00e9n conseguir\u00e1s un deslizamiento m\u00e1s prolongado gracias al Extra Gliding Formula con Glicerina Vegetal. Con su base acuosa, es apto para cualquier preservativo. Un punto a tener en cuenta es que es transparente y sin perfume, por lo que no mancha, ni deja olores. Adem\u00e1s, es un producto muy f\u00e1cil de retirar.\u00a0<\/span><\/p>\n<h3>Contenido<\/h3>\n<p>10 monodosis (5 ml\/dosis) \/ 100 ml .<\/p>\n","protected":false},"excerpt":{"rendered":"<p>\u00bfConoces ya los lubricantes de Homo Naturals? \u00bfHas probado ya alg\u00fan lubricante 100% natural? Te presentamos el lubricante 4-play 100% de Homo Naturals, que cuenta con ingredientes de alta calidad para mejorar tus relaciones m\u00e1s \u00edntimas. Como todo lo que se absorbe a trav\u00e9s de nuestras mucosas, va directamente al torrente sangu\u00edneo, es conveniente utilizar \u00fanicamente aquellos productos que cumplan con unos est\u00e1ndares de calidad \u00f3ptimos. Notar\u00e1s m\u00e1s suavidad y un mejor y m\u00e1s prolongado deslizamiento entre t\u00fa y tu pareja.<\/p>\n<p>\u2705 Lubricante <strong>100% Natural<\/strong>.<\/p>\n<p>\u2705 <strong>Mejora tus Relaciones \u00cdntimas<\/strong>.<\/p>\n<p>\u2705 Mejor <strong>deslizamiento y suavidad<\/strong>.<\/p>\n<p>\u2705 <strong>No mancha ni deja olores<\/strong>.<\/p>\n","protected":false},"featured_media":1673,"comment_status":"open","ping_status":"closed","template":"","meta":[],"product_brand":[],"product_cat":[1654],"product_tag":[1463],"class_list":{"0":"post-1640","1":"product","2":"type-product","3":"status-publish","4":"has-post-thumbnail","6":"product_cat-lubricantes-intimos","7":"product_tag-homo-naturals-2","9":"first","10":"instock","11":"sale","12":"taxable","13":"shipping-taxable","14":"purchasable","15":"product-type-variable"},"jetpack_likes_enabled":true,"jetpack_sharing_enabled":true,"_links":{"self":[{"href":"https:\/\/mensandbeauty.com\/tienda\/wp-json\/wp\/v2\/product\/1640","targetHints":{"allow":["GET"]}}],"collection":[{"href":"https:\/\/mensandbeauty.com\/tienda\/wp-json\/wp\/v2\/product"}],"about":[{"href":"https:\/\/mensandbeauty.com\/tienda\/wp-json\/wp\/v2\/types\/product"}],"replies":[{"embeddable":true,"href":"https:\/\/mensandbeauty.com\/tienda\/wp-json\/wp\/v2\/comments?post=1640"}],"wp:featuredmedia":[{"embeddable":true,"href":"https:\/\/mensandbeauty.com\/tienda\/wp-json\/wp\/v2\/media\/1673"}],"wp:attachment":[{"href":"https:\/\/mensandbeauty.com\/tienda\/wp-json\/wp\/v2\/media?parent=1640"}],"wp:term":[{"taxonomy":"product_brand","embeddable":true,"href":"https:\/\/mensandbeauty.com\/tienda\/wp-json\/wp\/v2\/product_brand?post=1640"},{"taxonomy":"product_cat","embeddable":true,"href":"https:\/\/mensandbeauty.com\/tienda\/wp-json\/wp\/v2\/product_cat?post=1640"},{"taxonomy":"product_tag","embeddable":true,"href":"https:\/\/mensandbeauty.com\/tienda\/wp-json\/wp\/v2\/product_tag?post=1640"}],"curies":[{"name":"wp","href":"https:\/\/api.w.org\/{rel}","templated":true}]}}