{"id":1142,"date":"2019-05-28T21:53:22","date_gmt":"2019-05-28T19:53:22","guid":{"rendered":"https:\/\/mensandbeauty.com\/tienda\/?post_type=product&#038;p=1142"},"modified":"2024-06-28T01:09:17","modified_gmt":"2024-06-27T23:09:17","slug":"cera-pelo-hombre-fibre-gum-shave-barbers-spa","status":"publish","type":"product","link":"https:\/\/mensandbeauty.com\/tienda\/cera-pelo-hombre-fibre-gum-shave-barbers-spa\/","title":{"rendered":"Cera de Pelo para Hombre \u00abFibre Gum\u00bb\u3010SHAVE Barbers &#038; Spa\u3011"},"content":{"rendered":"<h2>Cera de Pelo para Hombre \u00abFibre Gum\u00bb de SHAVE Barbers &amp; Spa<\/h2>\n<p>La revoluci\u00f3n de las ceras de peinado ha llegado. La cera de pelo para hombre \u00abFibre Gum\u00bb, es la soluci\u00f3n perfecta a tus problemas con el pelo rebelde.<\/p>\n<h3>\u00bfC\u00f3mo se usa?<\/h3>\n<p>Aplicar una peque\u00f1a cantidad en los dedos y frotar antes de ponerla sobre el pelo para conseguir los mejores resultados. Al entrar en contacto con el pelo, dar la forma deseada. Tambi\u00e9n puedes hacer uso de un peine para conseguir un resultado m\u00e1s definido. En el caso de que prefieras darle mayor brillo a tu peinado, tienes la posibilidad de aplicar el producto sobre el pelo h\u00famedo o mojado.<\/p>\n<h3>\u00bfQu\u00e9 se siente cuando te lo aplicas?<\/h3>\n<p>Notar\u00e1s como tu pelo se deja transformar desde el momento en el que te lo aplicas por primera vez. Luce el peinado que m\u00e1s se adapte a tu personalidad durante todo el d\u00eda.<\/p>\n<h3>\u00bfPor qu\u00e9 comprarlo?<\/h3>\n<p>Tienes ceras en casa, sin embargo, no acaban de darte lo que buscas en un producto de estas caracter\u00edsticas. Luce un pelo con un acabado natural y presume de un pelo limpio, bonito y sobre todo, bien peinado. Su textura suave y sedosa har\u00e1 que est\u00e9s todo el d\u00eda queriendo peinarte, aunque con una vez que lo hagas ser\u00e1 suficiente.<\/p>\n<h3>Contenido<\/h3>\n<p>100 ml.<\/p>\n","protected":false},"excerpt":{"rendered":"<p>\u00bfHas utilizado ceras y no te gusta c\u00f3mo te dejan el pelo? \u00bfBuscas una cera que se adapte a tu cabello? Con la <strong>cera de pelo<\/strong> para hombre <strong>Fibre Gum<\/strong>, conseguir\u00e1s un acabado natural r\u00e1pidamente. Tras su aplicaci\u00f3n, el cabello adoptar\u00e1 la forma que desees, pero adem\u00e1s brinda a tu cabello una textura sin igual. Contar con productos de tanta calidad a buen precio nunca fue tan sencillo.<\/p>\n<p><a href=\"https:\/\/emojipedia.org\/white-heavy-check-mark\/\"><span class=\"emoji\">\u2705\u00a0<\/span><\/a><strong>Acabado Natural.<\/strong><\/p>\n<p><a href=\"https:\/\/emojipedia.org\/white-heavy-check-mark\/\"><span class=\"emoji\">\u2705\u00a0<\/span><\/a><strong>Textura \u00danica.<\/strong><\/p>\n<p><a href=\"https:\/\/emojipedia.org\/white-heavy-check-mark\/\"><span class=\"emoji\">\u2705 <\/span><\/a>P\u00e9inate <strong>a tu Gusto.<\/strong><\/p>\n","protected":false},"featured_media":1186,"comment_status":"open","ping_status":"closed","template":"","meta":[],"product_brand":[],"product_cat":[835],"product_tag":[996],"class_list":{"0":"post-1142","1":"product","2":"type-product","3":"status-publish","4":"has-post-thumbnail","6":"product_cat-moldeadores-pelo-hombre","7":"product_tag-shave-barbers-spa-2","9":"first","10":"outofstock","11":"taxable","12":"shipping-taxable","13":"purchasable","14":"product-type-simple"},"jetpack_likes_enabled":true,"jetpack_sharing_enabled":true,"_links":{"self":[{"href":"https:\/\/mensandbeauty.com\/tienda\/wp-json\/wp\/v2\/product\/1142","targetHints":{"allow":["GET"]}}],"collection":[{"href":"https:\/\/mensandbeauty.com\/tienda\/wp-json\/wp\/v2\/product"}],"about":[{"href":"https:\/\/mensandbeauty.com\/tienda\/wp-json\/wp\/v2\/types\/product"}],"replies":[{"embeddable":true,"href":"https:\/\/mensandbeauty.com\/tienda\/wp-json\/wp\/v2\/comments?post=1142"}],"wp:featuredmedia":[{"embeddable":true,"href":"https:\/\/mensandbeauty.com\/tienda\/wp-json\/wp\/v2\/media\/1186"}],"wp:attachment":[{"href":"https:\/\/mensandbeauty.com\/tienda\/wp-json\/wp\/v2\/media?parent=1142"}],"wp:term":[{"taxonomy":"product_brand","embeddable":true,"href":"https:\/\/mensandbeauty.com\/tienda\/wp-json\/wp\/v2\/product_brand?post=1142"},{"taxonomy":"product_cat","embeddable":true,"href":"https:\/\/mensandbeauty.com\/tienda\/wp-json\/wp\/v2\/product_cat?post=1142"},{"taxonomy":"product_tag","embeddable":true,"href":"https:\/\/mensandbeauty.com\/tienda\/wp-json\/wp\/v2\/product_tag?post=1142"}],"curies":[{"name":"wp","href":"https:\/\/api.w.org\/{rel}","templated":true}]}}